
3984d8
In base 5, what is 42233 - 331?
41402
In base 6, what is -13 - 14100?
-14113
In base 3, what is 2011012 + -212002?
1022010
In base 8, what is 1722 - 2107?
-165
In base 6, what is -420054 - -2?
-420052
In base 7, what is -26111300 + 0?
-26111300
In base 8, what is 21 + -161?
-140
In base 11, what is -18113 - 2?
-18115
In base 10, what is -4420 + 442?
-3978
In base 14, what is -5 + cd2d?
cd28
In base 4, what is 2132 - 23001?
-20203
In base 2, what is -11110101010000 - -10100?
-11110100111100
In base 11, what is -9 + -a981?
-a98a
In base 8, what is -2 + 66170?
66166
In base 11, what is -8347 + -2?
-8349
In base 5, what is 24022022 - 10?
24022012
In base 15, what is 120 + -5b5?
-495
In base 3, what is -1110 + 1220102?
1211222
In base 4, what is 13232 + -102?
13130
In base 7, what is 32355 + -2?
32353
In base 14, what is -11 + -4d86?
-4d97
In base 9, what is 230 + -1130?
-800
In base 11, what is 110 + 9?
119
In base 9, what is 28 - 1154?
-1125
In base 13, what is 63 + -2881?
-281b
In base 10, what is -1 + 1105?
1104
In base 6, what is 5431010 + 3?
5431013
In base 14, what is 253 + 19c?
411
In base 12, what is -1a6 + 37?
-16b
In base 4, what is 22022031 - 2?
22022023
In base 13, what is -b68 - 11?
-b79
In base 12, what is 3 - -1a801?
1a804
In base 10, what is -134 + -587?
-721
In base 2, what is 1011001011000111001 - -1?
1011001011000111010
In base 6, what is 110 - -4530?
5040
In base 3, what is -10102 + 102001?
21122
In base 16, what is -8 - -a3d?
a35
In base 4, what is -21130230 - 0?
-21130230
In base 16, what is -1c9 - -28d?
c4
In base 16, what is -5 - 2fad?
-2fb2
In base 10, what is -1 - 126235?
-126236
In base 6, what is 2 + 12532204?
12532210
In base 5, what is -10012 - 113?
-10130
In base 16, what is 6 + 1349d?
134a3
In base 4, what is 221210322 + 13?
221211001
In base 14, what is -13a8a - -3?
-13a87
In base 16, what is -5d + e5d?
e00
In base 9, what is 2 + 137?
140
In base 2, what is 100 - -1010100010000010?
1010100010000110
In base 4, what is 213233030 + 0?
213233030
In base 8, what is 510 + -123?
365
In base 4, what is -10 + -10112330?
-10113000
In base 9, what is 161008 - 4?
161004
In base 2, what is -101 + -100111000110?
-100111001011
In base 9, what is -4 - 41658?
-41663
In base 15, what is -12081 + 2?
-1207e
In base 6, what is -3412150 + 5?
-3412141
In base 3, what is -11 - -111101002211?
111101002200
In base 4, what is -1323121113 - -2?
-1323121111
In base 3, what is -2 - -1010012001?
1010011222
In base 16, what is 0 + -3ba9f?
-3ba9f
In base 8, what is -1347 + 216?
-1131
In base 3, what is 11 + -212011210?
-212011122
In base 10, what is 4 - 20055?
-20051
In base 6, what is 141501 + 2?
141503
In base 10, what is -1118 - 4?
-1122
In base 4, what is -23 + 30302202?
30302113
In base 14, what is -1 - -245296?
245295
In base 3, what is 101100 + 1011111?
1112211
In base 14, what is 116 - 347a?
-3364
In base 13, what is a5 + 4196?
426b
In base 4, what is 20120220 + -112?
20120102
In base 15, what is 2d427 + -4?
2d423
In base 8, what is 65516 + -14?
65502
In base 6, what is 5553250 - -11?
5553301
In base 13, what is -189a5c - -5?
-189a57
In base 3, what is 1000212021 - 2220?
1000202101
In base 5, what is 101441 - 103?
101333
In base 3, what is -22022 - -11?
-22011
In base 8, what is -2061 + 352?
-1507
In base 9, what is -12644 - 282?
-13036
In base 14, what is -1 + ccca?
ccc9
In base 3, what is 12 - -1111022020100?
1111022020112
In base 10, what is 7 + 485196?
485203
In base 2, what is -1111 - 10100011001000?
-10100011010111
In base 16, what is 39c - d4?
2c8
In base 11, what is 8 + 53a27?
53a34
In base 16, what is 11 - -1b4f5?
1b506
In base 8, what is -17136 + 165?
-16751
In base 12, what is -293 + -70?
-343
In base 7, what is 3 - -144522?
144525
In base 3, what is -200120 - 121022?
-1021212
In base 16, what is 3f + -401?
-3c2
In base 10, what is -10 + -5802?
-5812
In base 6, what is 0 + -4552515?
-4552515
In base 4, what is -12120133320 + -11?
-12120133331
In base 8, what is 120 - 4455?
-4335
In base 16, what is 1 + -300d6?
-300d5
In base 4, what is 213230122 + -21?
213230101
In base 11, what is 9 - -12001?
1200a
In base 13, what is -63 + 524?
491
In base 7, what is 13 + -25151?
-25135
In base 5, what is -111 - -210113?
210002
In base 4, what is 130 + -102313?
-102123
In base 9, what is 54054 + -5?
54048
In base 5, what is 2 - -4241?
4243
In base 12, what is 3 + 359a?
35a1
In base 13, what is 441 + -c?
432
In base 10, what is 20 - 1635?
-1615
In base 7, what is -5426 + 42?
-5354
In base 11, what is 18 - -7a661?
7a679
In base 8, what is 243340 - -1?
243341
In base 13, what is -a514 + 4?
-a510
In base 15, what is 11089 + -4?
11085
In base 10, what is -5 + 5907?
5902
In base 10, what is 6 - 3547?
-3541
In base 4, what is 1222111 - 101?
1222010
In base 12, what is 1012 + 1b?
1031
In base 12, what is -1 - -1331?
1330
In base 2, what is 111 + -10100111101?
-10100110110
In base 13, what is -70c - 273?
-982
In base 12, what is -104b42b - -4?
-104b427
In base 14, what is a31 - 3?
a2c
In base 6, what is -10123 + 405?
-5314
In base 10, what is -260 - -87?
-173
In base 13, what is -1a + 59b30?
59b13
In base 10, what is -3188 + 101?
-3087
In base 13, what is 16b23 - 6?
16b1a
In base 3, what is 12 - -120012120?
120012202
In base 12, what is 994 - -2243?
3017
In base 12, what is -17a - -99?
-a1
In base 10, what is 2 + 10925?
10927
In base 12, what is 144 - -200?
344
In base 16, what is a6 - 12e?
-88
In base 15, what is 77 + -88?
-11
In base 3, what is -102021 - 20122?
-122220
In base 13, what is 880 - 1b5?
698
In base 4, what is -2112200323 + -11?
-2112201000
In base 10, what is 0 + -2679?
-2679
In base 2, what is -101101010100 + -101010000?
-110010100100
In base 13, what is -635452 + 0?
-635452
In base 11, what is 5a5 - 77?
529
In base 4, what is -223330132 + -3?
-223330201
In base 11, what is -5 - -537?
532
In base 4, what is -222331 - 31?
-223022
In base 6, what is 4 - -12231013?
12231021
In base 4, what is -31003 + -130?
-31133
In base 16, what is -754 - 19e?
-8f2
In base 11, what is -1 - 24424?
-24425
In base 10, what is 12 - 14722?
-14710
In base 12, what is -68a0 + 0?
-68a0
In base 10, what is -3 + 231137?
231134
In base 3, what is 101022122 + -100222?
100221200
In base 4, what is -21230 + -133110?
-221000
In base 12, what is 5a0 + -118?
484
In base 6, what is -10 + -11353312?
-11353322
In base 16, what is 1d8 + -18?
1c0
In base 7, what is 1512 + 3146?
4661
In base 3, what is 12111 + -21100?
-1212
In base 4, what is -1302 + 30021?
22113
In base 7, what is -11545 + -51?
-11626
In base 3, what is -121 + -1001002?
-1001200
In base 5, what is -20330243 + -1?
-20330244
In base 10, what is -3 - 8792?
-8795
In base 15, what is -d + -ab9?
-ac7
In base 7, what is -36154 + -24?
-36211
In base 9, what is 1261 - -122?
1383
In base 12, what is -2aa4 - 5?
-2aa9
In base 3, what is 1102200211 - 2?
1102200202
In base 10, what is 0 - 64257?
-64257
In base 10, what is 11129 - 9?
11120
In base 14, what is -1b8 + 132d?
1155
In base 2, what is -100111001000110101 - 11?
-100111001000111000
In base 6, what is -1420054 + 13?
-1420041
In base 6, what is 123534 - 10?
123524
In base 16, what is -1267f - -7?
-12678
In base 8, what is -5 + -3216?
-3223
In base 8, what is -1777 + 237?
-1540
In base 8, what is -45 - 4056?
-4123
In base 6, what is -310235524 - 5?
-310235533
In base 3, what is -2022101101 - 1?
-2022101102
In base 15, what is 76449 - -4?
7644d
In base 4, what is 1022 + 312120?
313202
In base 7, what is -1163363 - -3?
-1163360
In base 8, what is 2450 - 210?
2240
In base 7, what is -15 + -142320?
-142335
In base 12, what is -5 + -6a1b?
-6a24
In base 11, what is 26110 - 22?
26099
In base 14, what is -2 + 3d819?
3d817
In base 15, what is 1c337 - 4?
1c333
In base 6, what is 34 - -104454?
104532
In base 7, what is 13110 - -26?
13136
In base 14, what is 89 - -2141?
21ca
In base 16, what is -7 + -2423?
-242a
In base 9, what is 45245 + 24?
45270
In base 8, what is -30261 - 75?
-30356
In base 4, what is -10031311 - -12?
-10031233
In base 12, what is -2926 + b9?
-2829
In base 12, what is -5 - -23600?
235b7
In base 4, what is -10101 + -3112?
-13213
In base 14, what is 3c + -624?
-5c6
In base 4, what is -200111 + 131302?
-2203
In base 10, what is 325 - 10076?
-9751
In